0
Calculate the remainder when 854932 is divided by 7772.
12
What is the remainder when 17539 is divided by 77?
60
What is the remainder when 2408 is divided by 115?
108
Calculate the remainder when 145419 is divided by 54.
51
What is the remainder when 811 is divided by 794?
17
What is the remainder when 4147 is divided by 73?
59
What is the remainder when 8413 is divided by 287?
90
Calculate the remainder when 2099964 is divided by 71.
68
Calculate the remainder when 38196 is divided by 50.
46
What is the remainder when 575979 is divided by 66?
63
What is the remainder when 76219 is divided by 35?
24
What is the remainder when 41822 is divided by 126?
116
Calculate the remainder when 12518 is divided by 14.
2
What is the remainder when 402636 is divided by 53?
48
Calculate the remainder when 65675 is divided by 107.
84
What is the remainder when 190171 is divided by 16?
11
What is the remainder when 649 is divided by 483?
166
Calculate the remainder when 105676 is divided by 206.
204
What is the remainder when 915 is divided by 64?
19
What is the remainder when 27188 is divided by 142?
66
Calculate the remainder when 4862 is divided by 111.
89
Calculate the remainder when 31818 is divided by 490.
458
What is the remainder when 178524 is divided by 89248?
28
What is the remainder when 4041 is divided by 335?
21
Calculate the remainder when 1286 is divided by 171.
89
What is the remainder when 2103 is divided by 77?
24
What is the remainder when 5763 is divided by 1913?
24
Calculate the remainder when 3838375 is divided by 12.
7
Calculate the remainder when 1645 is divided by 243.
187
Calculate the remainder when 11456 is divided by 283.
136
Calculate the remainder when 89326 is divided by 1145.
16
What is the remainder when 9122 is divided by 78?
74
What is the remainder when 174 is divided by 46?
36
What is the remainder when 21038 is divided by 21010?
28
Calculate the remainder when 321699 is divided by 107212.
63
Calculate the remainder when 503887 is divided by 154.
153
Calculate the remainder when 149069 is divided by 16.
13
What is the remainder when 29506 is divided by 405?
346
What is the remainder when 1598 is divided by 181?
150
Calculate the remainder when 461248 is divided by 25.
23
What is the remainder when 96029 is divided by 1412?
13
Calculate the remainder when 583634 is divided by 193.
2
Calculate the remainder when 4830 is divided by 498.
348
What is the remainder when 95339 is divided by 210?
209
Calculate the remainder when 7197 is divided by 3588.
21
What is the remainder when 177023 is divided by 121?
0
What is the remainder when 149447 is divided by 23?
16
What is the remainder when 686 is divided by 173?
167
What is the remainder when 1315 is divided by 554?
207
What is the remainder when 765 is divided by 150?
15
Calculate the remainder when 1920209 is divided by 9.
5
Calculate the remainder when 293300 is divided by 51.
50
What is the remainder when 61798 is divided by 23?
20
Calculate the remainder when 704168 is divided by 61.
45
What is the remainder when 46582 is divided by 112?
102
What is the remainder when 1938 is divided by 898?
142
Calculate the remainder when 252865 is divided by 14.
11
What is the remainder when 32685 is divided by 97?
93
Calculate the remainder when 16535 is divided by 24.
23
Calculate the remainder when 2549 is divided by 975.
599
What is the remainder when 2173 is divided by 32?
29
Calculate the remainder when 8768 is divided by 2189.
12
Calculate the remainder when 12538 is divided by 87.
10
Calculate the remainder when 24455 is divided by 1627.
50
What is the remainder when 2062 is divided by 516?
514
What is the remainder when 82852 is divided by 12?
4
Calculate the remainder when 2013129 is divided by 66.
63
What is the remainder when 377531 is divided by 18?
17
Calculate the remainder when 71760 is divided by 55.
40
What is the remainder when 34271 is divided by 136?
135
Calculate the remainder when 809137 is divided by 752.
737
Calculate the remainder when 28874 is divided by 7209.
38
What is the remainder when 2118 is divided by 70?
18
Calculate the remainder when 1999 is divided by 336.
319
What is the remainder when 2220958 is divided by 20?
18
Calculate the remainder when 24477 is divided by 159.
150
Calculate the remainder when 232973 is divided by 33.
26
What is the remainder when 115986 is divided by 115980?
6
Calculate the remainder when 6482 is divided by 6381.
101
What is the remainder when 2533 is divided by 53?
42
What is the remainder when 22054 is divided by 7351?
1
What is the remainder when 45293 is divided by 2664?
5
Calculate the remainder when 1321078 is divided by 808.
806
What is the remainder when 9691 is divided by 4845?
1
Calculate the remainder when 4196 is divided by 965.
336
Calculate the remainder when 172649 is divided by 8221.
8
What is the remainder when 51397 is divided by 17104?
85
Calculate the remainder when 25270 is divided by 58.
40
Calculate the remainder when 9388 is divided by 9.
1
What is the remainder when 16858 is divided by 13?
10
Calculate the remainder when 1581 is divided by 360.
141
Calculate the remainder when 14603 is divided by 384.
11
What is the remainder when 117673 is divided by 225?
223
Calculate the remainder when 146985 is divided by 54.
51
What is the remainder when 23446 is divided by 14?
10
What is the remainder when 11121 is divided by 5483?
155
What is the remainder when 88843 is divided by 14?
13
What is the remainder when 27036 is divided by 262?
50
Calculate the remainder when 39628 is divided by 826.
806
Calculate the remainder when 339451 is divided by 317.
261
Calculate the remainder when 525855 is divided by 383.
379
Calculate the remainder when 6280 is divided by 1015.
190
What is the remainder when 18917 is divided by 2321?
349
Calculate the remainder when 10403 is divided by 264.
107
Calculate the remainder when 81842 is divided by 27238.
128
Calculate the remainder when 50771 is divided by 16908.
47
Calculate the remainder when 60 is divided by 27.
6
Calculate the remainder when 110545 is divided by 190.
155
What is the remainder when 534 is divided by 263?
8
What is the remainder when 16319 is divided by 5409?
92
Calculate the remainder when 781406 is divided by 9.
8
Calculate the remainder when 36163 is divided by 108.
91
What is the remainder when 14406 is divided by 33?
18
Calculate the remainder when 2334 is divided by 80.
14
What is the remainder when 662 is divided by 429?
233
What is the remainder when 153482 is divided by 2436?
14
What is the remainder when 330765 is divided by 36?
33
What is the remainder when 315616 is divided by 30?
16
What is the remainder when 127975 is divided by 42641?
52
What is the remainder when 3982 is divided by 789?
37
What is the remainder when 1250 is divided by 41?
20
What is the remainder when 4224 is divided by 209?
44
What is the remainder when 136950 is divided by 29?
12
Calculate the remainder when 305782 is divided by 20.
2
What is the remainder when 15783 is divided by 114?
51
What is the remainder when 64623 is divided by 130?
13
What is the remainder when 7368 is divided by 341?
207
What is the remainder when 12584 is divided by 206?
18
What is the remainder when 713547 is divided by 30?
27
What is the remainder when 89878 is divided by 105?
103
What is the remainder when 414312 is divided by 11?
8
What is the remainder when 12907 is divided by 349?
343
What is the remainder when 34888 is divided by 8713?
36
Calculate the remainder when 8707 is divided by 2360.
1627
Calculate the remainder when 2459 is divided by 2382.
77
Calculate the remainder when 694324 is divided by 571.
559
Calculate the remainder when 2139 is divided by 2113.
26
Calculate the remainder when 7376 is divided by 97.
4
Calculate the remainder when 8684 is divided by 8674.
10
Calculate the remainder when 25439 is divided by 265.
264
Calculate the remainder when 3382 is divided by 113.
105
Calculate the remainder when 25718 is divided by 25688.
30
What is the remainder when 124846 is divided by 241?
8
Calculate the remainder when 200299 is divided by 312.
307
Calculate the remainder when 6262 is divided by 1910.
532
What is the remainder when 6042 is divided by 173?
160
Calculate the 